housands digit of 53485706?
4
What is the hundred thousands digit of 305838064?
8
What is the hundreds digit of 214886340?
3
What is the hundred millions digit of 1037682550?
0
What is the thousands digit of 1747714282?
4
What is the thousands digit of 192545010?
5
What is the tens digit of 940989019?
1
What is the hundreds digit of 41793837?
8
What is the millions digit of 39610907?
9
What is the billions digit of 1613799457?
1
What is the tens digit of 318565053?
5
What is the millions digit of 378961076?
8
What is the millions digit of 7183775890?
3
What is the hundreds digit of 2420295167?
1
What is the hundreds digit of 30073142?
1
What is the hundreds digit of 796966978?
9
What is the ten millions digit of 396187273?
9
What is the thousands digit of 53224999?
4
What is the thousands digit of 63326721?
6
What is the thousands digit of 330965960?
5
What is the units digit of 41080645?
5
What is the hundreds digit of 912280541?
5
What is the hundred millions digit of 513699644?
5
What is the hundred thousands digit of 34713881?
7
What is the hundred thousands digit of 5621042?
6
What is the ten millions digit of 57589419?
5
What is the millions digit of 5868537384?
8
What is the tens digit of 297772243?
4
What is the hundreds digit of 9339065?
0
What is the ten millions digit of 22455599?
2
What is the thousands digit of 12263049?
3
What is the thousands digit of 3011124993?
4
What is the hundred thousands digit of 734881053?
8
What is the ten thousands digit of 942133866?
3
What is the tens digit of 951059384?
8
What is the millions digit of 203920332?
3
What is the thousands digit of 63553777?
3
What is the ten thousands digit of 718689076?
8
What is the hundreds digit of 8738938?
9
What is the thousands digit of 70698361?
8
What is the hundred millions digit of 893017392?
8
What is the hundreds digit of 104876725?
7
What is the thousands digit of 362727899?
7
What is the hundred millions digit of 2998998196?
9
What is the units digit of 2171438797?
7
What is the hundred millions digit of 4115682481?
1
What is the hundred millions digit of 859040011?
8
What is the ten millions digit of 188008203?
8
What is the ten millions digit of 917223450?
1
What is the hundreds digit of 30416312?
3
What is the millions digit of 64998954?
4
What is the millions digit of 37846601?
7
What is the millions digit of 8963594?
8
What is the ten thousands digit of 26111159?
1
What is the ten millions digit of 676246547?
7
What is the units digit of 135284588?
8
What is the ten millions digit of 406797712?
0
What is the ten thousands digit of 10379907?
7
What is the units digit of 934286941?
1
What is the ten millions digit of 5441127833?
4
What is the thousands digit of 39831656?
1
What is the millions digit of 1019161488?
9
What is the ten thousands digit of 25373818?
7
What is the thousands digit of 305280185?
0
What is the thousands digit of 4476692405?
2
What is the tens digit of 1332661142?
4
What is the millions digit of 7571148995?
1
What is the millions digit of 4008800182?
8
What is the millions digit of 11210232?
1
What is the ten thousands digit of 58189345?
8
What is the billions digit of 1940933181?
1
What is the units digit of 38491595?
5
What is the hundreds digit of 7509258?
2
What is the thousands digit of 645606073?
6
What is the millions digit of 201748975?
1
What is the ten millions digit of 349638086?
4
What is the hundred thousands digit of 814807134?
8
What is the ten millions digit of 26678816?
2
What is the hundred thousands digit of 184786053?
7
What is the units digit of 4552403950?
0
What is the ten thousands digit of 60890057?
9
What is the thousands digit of 18199361?
9
What is the ten millions digit of 356148852?
5
What is the ten millions digit of 1486956432?
8
What is the thousands digit of 2379714716?
4
What is the ten millions digit of 121981342?
2
What is the hundred thousands digit of 132156808?
1
What is the millions digit of 140211909?
0
What is the ten thousands digit of 227365917?
6
What is the units digit of 415923822?
2
What is the ten thousands digit of 3355420747?
2
What is the millions digit of 71809455?
1
What is the tens digit of 60282227?
2
What is the millions digit of 1091744951?
1
What is the tens digit of 253718651?
5
What is the hundreds digit of 41481835?
8
What is the millions digit of 8030980?
8
What is the tens digit of 312314497?
9
What is the hundred millions digit of 259241569?
2
What is the hundreds digit of 87584214?
2
What is the thousands digit of 1514726847?
6
What is the ten thousands digit of 700915851?
1
What is the tens digit of 30147338?
3
What is the units digit of 1117026087?
7
What is the hundred thousands digit of 408018462?
0
What is the ten millions digit of 77120765?
7
What is the tens digit of 159012252?
5
What is the ten millions digit of 794596709?
9
What is the ten thousands digit of 1880057674?
5
What is the thousands digit of 684196555?
6
What is the hundreds digit of 745458355?
3
What is the units digit of 973595?
5
What is the hundred millions digit of 215437341?
2
What is the hundred millions digit of 136163188?
1
What is the millions digit of 4374781877?
4
What is the tens digit of 117789074?
7
What is the tens digit of 875418165?
6
What is the hundreds digit of 264698889?
8
What is the ten thousands digit of 55439451?
3
What is the ten thousands digit of 18275688?
7
What is the hundred millions digit of 273344494?
2
What is the hundred millions digit of 6263660170?
2
What is the hundred thousands digit of 309213709?
2
What is the millions digit of 262665565?
2
What is the millions digit of 1436827448?
6
What is the units digit of 38280837?
7
What is the hundred thousands digit of 8036577?
0
What is the millions digit of 23028547?
3
What is the millions digit of 159005569?
9
What is the millions digit of 339262558?
9
What is the hundred thousands digit of 68249560?
2
What is the millions digit of 135531299?
5
What is the ten millions digit of 667621272?
6
What is the ten millions digit of 35757753?
3
What is the ten millions digit of 5345920531?
4
What is the millions digit of 16760523?
6
What is the billions digit of 2158412315?
2
What is the thousands digit of 1640355817?
5
What is the hundreds digit of 262269987?
9
What is the millions digit of 114096382?
4
What is the ten thousands digit of 993752515?
5
What is the hundred thousands digit of 745033776?
0
What is the thousands digit of 273790159?
0
What is the hundreds digit of 441471260?
2
What is the hundred thousands digit of 75307609?
3
What is the hundred thousands digit of 62137762?
1
What is the hundred millions digit of 247993067?
2
What is the hundreds digit of 171976931?
9
What is the ten millions digit of 27442147?
2
What is the hundreds digit of 60106550?
5
What is the ten millions digit of 107538159?
0
What is the units digit of 77026842?
2
What is the ten millions digit of 124597419?
2
What is the tens digit of 1508355399?
9
What is the hundreds digit of 1044388930?
9
What is the hundreds digit of 8426274?
2
What is the hundreds digit of 6960891231?
2
What is the hundreds digit of 2867875293?
2
What is the ten millions digit of 1888001707?
8
What is the tens digit of 2937862701?
0
What is the units digit of 487285?
5
What is the thousands digit of 258581759?
1
What is the thousands digit of 9353632858?
2
What is the hundred millions digit of 102620395?
1
What is the hundred thousands digit of 110060165?
0
What is the hundreds digit of 2298977507?
5
What is the thousands digit of 253936693?
6
What is the tens digit of 123210597?
9
What is the units digit of 24591627?
7
What is the billions digit of 1761554556?
1
What is the hundred thousands digit of 5143437497?
4
What is the units digit of 86010687?
7
What is the tens digit of 50567770?
7
What is the tens digit of 45654141?
4
What is the thousands digit of 72156461?
6
What is the tens digit of 706825155?
5
What is the billions digit of 1766660827?
1
What is the millions digit of 246448840?
6
What is the tens digit of 13852278?
7
What is the thousands digit of 45104394?
4
What is the tens digit of 1484402458?
5
What is the hundred thousands digit of 230647423?
6
What is the thousands digit of 4196858161?
8
What is the ten millions digit of 36983270?
3
W